+ 1. Give d(g).
12
Suppose 3*l = 2 + 7. Suppose h - 3 + 15 = -l*b, 4*h - 12 = 3*b. Let k = h - -1. Let o(m) = 8*m**2 - m. Determine o(k).
7
Let t(i) = 2*i + 4*i - 5*i - i**3 - 4*i**2 - 2 + 2*i**3. Let y be t(4). Let l(v) = v + 2*v**3 - 3*v**2 + 4 - v**3 - 2. Determine l(y).
0
Suppose -2*j = 3*j + 5*z - 20, 4*z = j + 1. Let i(o) = -4*o**3 - j + 0*o - 6*o**2 - 2*o + 3*o**3. Calculate i(-6).
9
Let v(s) = 6*s - 7. Let d(b) = -5*b + 6. Let x(a) = -5*d(a) - 4*v(a). Determine x(6).
4
Let s be 12/3 + (-1 - -1). Let w be 1*0/(s/(-2)). Let i(b) = w*b - 2*b**2 + b + b**2 - 1 - b**3. What is i(1)?
-2
Let i(x) = x**3 - 6*x**2 - 2*x + 1. Let q be 1/(2 - (-27)/(-15)). Suppose -3*m - q*l - 7 = 0, 2*m = -2*m + 5*l + 49. Determine i(m).
-11
Let t(p) = -p**3 + 7*p**2 + 9*p + 1. Let j be 17/2 - -1*(-3)/6. Determine t(j).
9
Let d(t) = -t**2 + t + 3. Suppose 2*u + 4*p = 18, 5*u + p - 32 = 2*u. Suppose -5*k = y - 17, 5*k = y - 4*y + u. Give d(k).
-9
Let b(x) = -x**2 + 2*x - 4. Suppose 0 = -2*r - 2*l + 10, -2*r = -4*r - 3*l + 12. Give b(r).
-7
Let y(r) be the first derivative of -r**3/3 + 4*r**2 - 7*r + 4. Give y(5).
8
Let y(j) = j**3 - 6*j + 0*j**2 - 1 + 8*j - 4*j**2. Determine y(4).
7
Let p = -8 - -3. Let y(a) be the first derivative of a**3/3 + 7*a**2/2 + 4*a + 4. What is y(p)?
-6
Let q(d) be the second derivative of -d**4/12 - 4*d**3/3 - d**2/2 + 41*d. Determine q(-7).
6
Let q(a) = 8*a**3. Suppose -3*n = n. Suppose n*f + 1 = -f. Determine q(f).
-8
Let m(d) be the third derivative of -d**6/360 - d**5/120 + d**4/8 - 2*d**3/3 + 2*d**2. Let g(k) be the first derivative of m(k). Calculate g(3).
-9
Let c(d) be the second derivative of d**5/20 + d**4/2 + d**3/3 - 4*d**2 - 14*d. Give c(-6).
-20
Let x(a) = 5*a**2 - 4*a - 6. Let h(n) = 11*n**2 - 7*n - 12. Let q(c) = 4*h(c) - 9*x(c). Give q(8).
6
Suppose -p - 4*u + 19 = 0, p - 2*u + 27 = 4*p. Let r(c) = -1 - c + c + p*c**2 + 2*c. Determine r(1).
8
Let d(l) = -l**2 - 4*l + 3. Suppose 5*c - 2*i - 2*i - 60 = 0, c - 12 = 5*i. Suppose c = 5*u + 2. Determine d(u).
-9
Let v(y) be the third derivative of y**6/120 + y**5/60 - 5*y**4/24 - 2*y**3/3 - y**2. Let x = 1 - 4. Give v(x).
-7
Let y be 10/2*56/35. Suppose 0*x = -4*x + y. Let s(k) = 2*k**3 - 3*k**3 + 0*k - 3 - 1 + 7*k**x - 5*k. Give s(6).
2
Let l(m) = -2 - 5*m + 5*m + 4*m. Let s(c) = -2*c - 2. Let i be s(-2). Give l(i).
6
Let q(y) = -y - 6. Let t = 6 + 5. Suppose -3*x - 3*a + 9 = a, -4*x - 5*a = -t. Let p be 6/4*2*x. Calculate q(p).
-3
Let d(q) = -2*q**2 + 3*q - 2*q + 1 + 2*q - 2*q. Give d(-1).
-2
Let c(o) = -o**2 + o**2 + o - o**3. Let y be c(0). Let h = 1 - y. Let b(k) = 6*k**3 + 2*k**2 - k. Calculate b(h).
7
Let d be (-3 + 4)*(1 + 1). Let p(x) = -x**3 - 3*x**d - x**2 + 3 + x + 2*x**3 + 1. Let l(k) = 3*k**2 + 1. Let y be l(-1). Give p(y).
8
Let t be 1 + (1 - -3 - 1). Let n(c) = c**2 - 4*c - 5. What is n(t)?
-5
Let x(s) be the third derivative of s**6/120 + s**5/10 - s**4/4 + s**3 - s**2. Let q = -474 + 467. Determine x(q).
-1
Let i(r) = 2*r. Let b(j) = -j**2 + 19*j + 15. Let f(h) = -b(h) + 5*i(h). What is f(11)?
7
Let r(q) = q**3 - 2*q**2 + 1 + 14*q - 12*q - 2*q**2 + 0*q**3. Suppose -3*k + 4 = -k. Suppose 2*w + 10 = 0, 5*v - 10 = -k*w + w. What is r(v)?
-2
Let t(x) = 3 + 2*x**2 - x**2 - 4*x - 2*x**2 + 3*x. Let o(k) = -k**3 + 6*k**2 - k + 6. Let z be o(6). Give t(z).
3
Let j(d) = d**3 + 4*d**2 + 3*d - 3. Let u(f) = -6*f**3 - 20*f**2 - 16*f + 16. Let x(o) = -11*j(o) - 2*u(o). Let a = 7 - 3. Give x(a).
-3
Let y(q) = 2*q - 8. Let r(z) = 1. Let o(s) = -2*r(s) - y(s). Let f(n) = -n + 15. Let h be f(16). Let d = 6 + h. What is o(d)?
-4
Let h(a) = -a - 5. Let w(p) = -1. Let n(f) = h(f) - 5*w(f). Let i(j) = 5 + 9*j + 3*j**2 - j**3 - 4 - 4. Let y(d) = i(d) + 3*n(d). Determine y(4).
5
Let s(o) = -1 - 49*o + 4 + 50*o. What is s(-3)?
0
Let x(u) be the first derivative of -u**3 + u**2/2 - 3*u + 4. Let p(l) be the first derivative of x(l). Give p(1).
-5
Let g(p) be the second derivative of 4*p**3/3 - p**2/2 - 6*p. Calculate g(-1).
-9
Let n(f) be the third derivative of -f**5/60 - 7*f**4/24 - 2*f**3/3 - 39*f**2. Determine n(-5).
6
Let c(d) = -8 - 2*d - 13 + 13. Let y = 7 + -14. Calculate c(y).
6
Suppose -11*z + 6*z = 0. Suppose -3*w - 1 - 5 = z. Let v(l) = -l - 2*l + 1 + l. What is v(w)?
5
Suppose 0*r = 5*r - 15. Suppose 0 = r*z - 0*z + 15. Let j(b) = 5*b + b + 0 + 7 - 4 + b**2. Calculate j(z).
-2
Let b(o) be the second derivative of -o**6/90 - o**4/4 - o. Let z(c) be the third derivative of b(c). Suppose 4 = -5*p + p. What is z(p)?
8
Let b(l) = -l**2 - 3*l + l + 5*l. Let c = -6 - -10. Let x be b(c). Let p(q) = -q + 2. Calculate p(x).
6
Let r = 287/435 - -1/145. Let x(u) be the second derivative of 0*u**4 + 2*u + 0 - 1/20*u**5 + 3/2*u**2 + r*u**3. What is x(-2)?
3
Let t(i) = i - 4. Suppose -4*o = -35 + 11. Let s be t(o). Let c(u) = -2 - 21*u**3 + 2*u + 20*u**3 - 1. Determine c(s).
-7
Let b(p) = p**2 + p - 1. Suppose -4*f = 4*j - 7*f - 6, -10 = -3*j + 5*f. Let t = 4 - j. Suppose 6 = t*r - 2. What is b(r)?
5
Suppose 0*u + 12*u = 0. Let m(p) = p + 11. Determine m(u).
11
Let n(m) = -m**2 + 6*m - 6. Suppose -2*y = 4, 3*g = -2*y + 5*y + 21. Determine n(g).
-1
Let t(s) = 4*s + 2. Let j be t(-2). Let o(k) = 13*k**3 + 6*k**2 - k - 14. Let g(w) = 11*w**3 + 6*w**2 - w - 13. Let f(n) = 6*g(n) - 5*o(n). What is f(j)?
-2
Let u(j) = 7*j**2 - 5*j - 1. Let r(w) = 1 + 8*w - 8*w - w**2. Let g(a) = 6*r(a) + u(a). Give g(4).
1
Suppose 3*i = 5*i - 2*h - 4, 4*h = -3*i + 13. Let j(l) = -3*l**2 + 1 + 5*l**2 - i*l**2. What is j(0)?
1
Let a(d) = -6*d**3 + 4*d**2 + d**3 + 4*d**3 - 3*d. What is a(3)?
0
Let c = 23 + -16. Let n(y) = -5*y**2 + 5*y + 8. Let m(q) = -9*q**2 + 10*q + 16. Let z(f) = -4*m(f) + 7*n(f). Determine z(c).
6
Let m(w) = w**3 + 4*w**2 - 4*w + 7. Let i(q) = 4*q - 1. Let j(c) = c**3 + 8*c**2 - 9*c - 1. Let a be j(-9). Let s be i(a). Give m(s).
2
Let u(a) be the first derivative of -a**2/2 + 4*a + 3. What is u(5)?
-1
Let p be 3*2/6*4. Let u(b) = -3*b - 2. Let i(a) = -2*a - 3. Let v(q) = -4*i(q) + 3*u(q). Calculate v(p).
2
Let h(v) = 2*v**3 - 2*v**2 + 1. Suppose 4*j - 10 = -2, 1 = w - 2*j. Suppose -d = b - 1 + w, 3*d = b. Determine h(d).
-3
Let q(g) = -g**2 - 13*g + 2. Let i be q(-12). Let t be (-4)/i + (-80)/14. Let n(l) = l**2 + 4*l - 1. Calculate n(t).
11
Let b(h) = -2*h + 2. Suppose 0 = -2*p + 3*k - 0*k + 20, 12 = p - 2*k. Calculate b(p).
-6
Let i(b) = b**2 - 3*b + 2. Let c(v) = v - 4. Suppose -3*u = -2*u + 5, 0 = -4*w + u + 5. Let d be c(w). Let s be (d/(-6))/(6/18). What is i(s)?
0
Let w(t) = -t**3 - t. Let j(k) = -5*k**3 - 7*k**2 + k - 9. Let v(u) = -j(u) + 6*w(u). Determine v(6).
3
Let u(i) be the first derivative of i**4/4 - 7*i**3/3 + 4*i**2 + i - 1. What is u(6)?
13
Let l = 8 - 5. Let d(h) = 3*h - 4*h + h + l*h. What is d(2)?
6
Let b(t) = 5 + 4 - 7*t - 2*t**2 + t**3 - 4. Let r = 44 + -27. Suppose r = 4*i + 1. Give b(i).
9
Let z(c) = 5*c - 1. Let a be (-1)/(0 + 3 + -2). Let h(k) = -4*k - 1. Let t be h(a). Let n(d) = -d. Let m(g) = t*n(g) + z(g). What is m(-3)?
-7
Suppose -4*n - 16 = -4. Let l(s) = -s**3 + 10*s**2 - 10*s + 9. Let c(g) = 2*g**3 - 19*g**2 + 19*g - 17. Let t(z) = n*c(z) - 5*l(z). Calculate t(6).
0
Let m(a) = a**2 - 5*a + 5. Let y(p) = p + 1. Let c(t) = t - 5. Let o(g) = -c(g) + 2*y(g). Let b be ((-3)/(-2))/(5/(-10)). Let z be o(b). Determine m(z).
1
Let u(m) = m**2 - 4*m. Let p(x) = 2*x**2 - 7*x. Let i(q) = -4*p(q) + 7*u(q). Let l(a) = -a - 4. Let y be l(-4). Calculate i(y).
0
Suppose 0 = 4*u - 9*u - 35. Let z(x) = -7*x + 15. Let a(f) = -10*f + 23. Let g(j) = u*z(j) + 5*a(j). Give g(5).
5
Let l(k) = -k. Let v(s) = s**2 + 2*s - 3. Let x(m) = -3*l(m) - v(m). Suppose -11*b = -5*b - 18. Determine x(b).
-3
Let a(y) = y - 3. Let b be 3*-2 + -8*3/(-8). What is a(b)?
-6
Let f(z) = 1 - 2*z + 2*z**2 - 3 - z**2. Let l = -2 - 2. Let h = l + 7. Give f(h).
1
Let t = 5 + -2. Suppose -t*r = 4*o + 2, -r - 12 = -2*r + 5*o. Suppose v + 9 = 2*u, r*u = -u + 9. Let d(h) = h**3 + h**2 - 5*h - 2. Determine d(v).
-5
Suppose -s + 0*s = -5. Suppose -s + 13 = 4*o. Let p(m) be the second derivative of -m**4/12 + m**2 - 5*m. Give p(o).
-2
Let w(z) = z**3 + 14*z**2 + 6*z + 1. Let k(c) = c**3 + 13*c**2 + 7*c. Let s(m) = 3*k(m) - 2*w(m). What is s(-10)?
8
Let o(q) = 2*q + 2 - 1 - 4*q. Give o(0).
1
Let l(g) = -2*